List the prime factors of 8168.
2, 1021
List the prime factors of 12232.
2, 11, 139
What are the prime factors of 532?
2, 7, 19
What are the prime factors of 15252?
2, 3, 31, 41
List the prime factors of 9353.
47, 199
What are the prime factors of 8365?
5, 7, 239
What are the prime factors of 20519?
17, 71
List the prime factors of 1316.
2, 7, 47
What are the prime factors of 1317?
3, 439
What are the prime factors of 5819?
11, 23
What are the prime factors of 5591?
5591
List the prime factors of 6755.
5, 7, 193
List the prime factors of 1980.
2, 3, 5, 11
List the prime factors of 40341.
3, 7, 17, 113
What are the prime factors of 10785?
3, 5, 719
List the prime factors of 8032.
2, 251
List the prime factors of 748.
2, 11, 17
What are the prime factors of 2453?
11, 223
List the prime factors of 28121.
61, 461
List the prime factors of 4875.
3, 5, 13
What are the prime factors of 1681?
41
What are the prime factors of 5486?
2, 13, 211
What are the prime factors of 1581?
3, 17, 31
What are the prime factors of 33776?
2, 2111
What are the prime factors of 667?
23, 29
What are the prime factors of 8253?
3, 7, 131
What are the prime factors of 38976?
2, 3, 7, 29
List the prime factors of 1946.
2, 7, 139
List the prime factors of 109649.
19, 29, 199
List the prime factors of 48830.
2, 5, 19, 257
List the prime factors of 5174.
2, 13, 199
What are the prime factors of 184147?
107, 1721
What are the prime factors of 1597?
1597
What are the prime factors of 14870?
2, 5, 1487
List the prime factors of 50891.
50891
What are the prime factors of 79?
79
List the prime factors of 9671.
19, 509
What are the prime factors of 25348?
2, 6337
List the prime factors of 1711.
29, 59
What are the prime factors of 2038?
2, 1019
List the prime factors of 1501.
19, 79
What are the prime factors of 4999?
4999
List the prime factors of 10558.
2, 5279
List the prime factors of 35282.
2, 13, 23, 59
List the prime factors of 7109.
7109
What are the prime factors of 1523?
1523
What are the prime factors of 909?
3, 101
What are the prime factors of 8032?
2, 251
List the prime factors of 171019.
19, 9001
List the prime factors of 49416.
2, 3, 29, 71
List the prime factors of 9096.
2, 3, 379
What are the prime factors of 749?
7, 107
List the prime factors of 11957.
11, 1087
List the prime factors of 29406.
2, 3, 13, 29
What are the prime factors of 1930?
2, 5, 193
List the prime factors of 16423.
11, 1493
What are the prime factors of 76578?
2, 3, 12763
What are the prime factors of 4612?
2, 1153
What are the prime factors of 28186?
2, 17, 829
What are the prime factors of 314?
2, 157
List the prime factors of 712.
2, 89
What are the prime factors of 1252?
2, 313
What are the prime factors of 35844?
2, 3, 29, 103
List the prime factors of 24670.
2, 5, 2467
What are the prime factors of 69327?
3, 7703
List the prime factors of 34831.
61, 571
List the prime factors of 676.
2, 13
List the prime factors of 8147.
8147
What are the prime factors of 62491?
11, 13, 19, 23
List the prime factors of 271.
271
What are the prime factors of 1143?
3, 127
What are the prime factors of 10919?
61, 179
List the prime factors of 96.
2, 3
What are the prime factors of 1591?
37, 43
List the prime factors of 3727.
3727
What are the prime factors of 7102?
2, 53, 67
What are the prime factors of 27058?
2, 83, 163
What are the prime factors of 41603?
41603
List the prime factors of 576.
2, 3
List the prime factors of 27473.
83, 331
List the prime factors of 5070.
2, 3, 5, 13
What are the prime factors of 1464?
2, 3, 61
List the prime factors of 26480.
2, 5, 331
List the prime factors of 53401.
53401
List the prime factors of 10331.
10331
List the prime factors of 2636.
2, 659
What are the prime factors of 266?
2, 7, 19
List the prime factors of 41.
41
What are the prime factors of 1548?
2, 3, 43
List the prime factors of 1431.
3, 53
List the prime factors of 59922.
2, 3, 3329
List the prime factors of 18058.
2, 9029
List the prime factors of 1148.
2, 7, 41
List the prime factors of 4095.
3, 5, 7, 13
What are the prime factors of 27323?
89, 307
List the prime factors of 11229.
3, 19, 197
List the prime factors of 2378.
2, 29, 41
List the prime factors of 158905.
5, 61, 521
What are the prime factors of 4306?
2, 2153
What are the prime factors of 6057?
3, 673
What are the prime factors of 41404?
2, 11, 941
What are the prime factors of 30099?
3, 79, 127
What are the prime factors of 4256?
2, 7, 19
List the prime factors of 132.
2, 3, 11
What are the prime factors of 40823?
40823
List the prime factors of 376.
2, 47
What are the prime factors of 106582?
2, 7, 23, 331
What are the prime factors of 4164?
2, 3, 347
List the prime factors of 1296.
2, 3
What are the prime factors of 1666?
2, 7, 17
List the prime factors of 18725.
5, 7, 107
List the prime factors of 62511.
3, 67, 311
What are the prime factors of 105341?
105341
What are the prime factors of 53664?
2, 3, 13, 43
What are the prime factors of 95837?
7, 13691
What are the prime factors of 5681?
13, 19, 23
What are the prime factors of 1749?
3, 11, 53
List the prime factors of 978.
2, 3, 163
What are the prime factors of 1438?
2, 719
List the prime factors of 41811.
3, 7, 11, 181
What are the prime factors of 3506?
2, 1753
List the prime factors of 6086.
2, 17, 179
List the prime factors of 103976.
2, 41, 317
List the prime factors of 2848.
2, 89
List the prime factors of 189380.
2, 5, 17, 557
What are the prime factors of 17921?
17921
What are the prime factors of 2933?
7, 419
List the prime factors of 645.
3, 5, 43
List the prime factors of 22047.
3, 7349
What are the prime factors of 45913?
7, 937
What are the prime factors of 7413?
3, 7, 353
List the prime factors of 59989.
239, 251
What are the prime factors of 544?
2, 17
List the prime factors of 654.
2, 3, 109
What are the prime factors of 47468?
2, 11867
List the prime factors of 64969.
64969
What are the prime factors of 1194?
2, 3, 199
What are the prime factors of 51385?
5, 43, 239
What are the prime factors of 6457?
11, 587
What are the prime factors of 38783?
38783
What are the prime factors of 33887?
7, 47, 103
List the prime factors of 15560.
2, 5, 389
What are the prime factors of 13172?
2, 37, 89
List the prime factors of 4295.
5, 859
What are the prime factors of 27883?
27883
What are the prime factors of 69651?
3, 71, 109
What are the prime factors of 7465?
5, 1493
List the prime factors of 1270.
2, 5, 127
What are the prime factors of 10102?
2, 5051
List the prime factors of 13262.
2, 19, 349
List the prime factors of 65549.
11, 59, 101
What are the prime factors of 11023?
73, 151
List the prime factors of 1442.
2, 7, 103
What are the prime factors of 3996?
2, 3, 37
List the prime factors of 61009.
13, 19
List the prime factors of 8079.
3, 2693
What are the prime factors of 65675?
5, 37, 71
What are the prime factors of 4199?
13, 17, 19
List the prime factors of 43653.
3, 14551
What are the prime factors of 510?
2, 3, 5, 17
List the prime factors of 793.
13, 61
List the prime factors of 476.
2, 7, 17
What are the prime factors of 65783?
157, 419
What are the prime factors of 44328?
2, 3, 1847
What are the prime factors of 80?
2, 5
What are the prime factors of 821?
821
List the prime factors of 2720.
2, 5, 17
What are the prime factors of 307?
307
What are the prime factors of 868?
2, 7, 31
What are the prime factors of 3986?
2, 1993
List the prime factors of 30474.
2, 3, 1693
List the prime factors of 21057.
3, 7019
List the prime factors of 4262.
2, 2131
List the prime factors of 80937.
3, 17, 23
What are the prime factors of 69157?
11, 6287
What are the prime factors of 114599?
114599
What are the prime factors of 2064?
2, 3, 43
List the prime factors of 2586.
2, 3, 431
List the prime factors of 16894.
2, 8447
List the prime factors of 39418.
2, 19709
What are the prime factors of 42138?
2, 3, 2341
List the prime factors of 4105.
5, 821
List the prime factors of 2637.
3, 293
List the prime factors of 437.
19, 23
List the prime factors of 85945.
5, 17189
List the prime factors of 12500.
2, 5
What are the prime factors of 40836?
2, 3, 41, 83
What are the prime factors of 1264?
2, 79
What are the prime factors of 35066?
2, 89, 197
List the prime factors of 74.
2, 37
What ar